ber?
True
Suppose -180*a + 50 = -182*a. Is (6/5 - (-5)/a)*5639 a composite number?
False
Suppose 6640986 = 7*h + 26*h + 717189. Is h a prime number?
False
Suppose 0*x + 14*x = 1633982. Is x composite?
True
Let r = -44008 - -63571. Is r composite?
True
Let v be (0/(-2) + -3)*1006/(-6). Let o = -17 - -20. Suppose 0 = -o*i + 4*i - v. Is i a composite number?
False
Let i = -45 - -3. Let y = i - -42. Suppose y = -12*u + 11*u + 467. Is u prime?
True
Let n = 401 - 362. Is (26/n)/((-2)/(-8331)) a prime number?
True
Let d = 82892 - -148575. Is d prime?
False
Suppose 85489 - 214115 = -12*m + 233882. Is m composite?
True
Let p(a) = 508*a. Let z be p(2). Suppose 7*n - 11*n = -z. Suppose -4*k + 590 = -n. Is k a composite number?
False
Let g = 39 + -39. Suppose -4*x - 22 + 6 = g, 287 = 3*c + x. Suppose -2*r + c = t + 4, 3*r + 4*t - 142 = 0. Is r prime?
False
Suppose -13366 = -3*l + q, 5*q - 6517 = -4*l + 11317. Let d be (-6)/(-51) + (-1547105)/(-119). Suppose l = -5*j + d. Is j composite?
False
Let r be (511714/(-4))/(-7) + 3/2. Suppose 5*t - r = -l, -19*l - 2*t = -22*l + 54916. Is l prime?
False
Let g = -4984 + 11319. Suppose -20*i - g = -27*i. Is i prime?
False
Let i = 33323 - -74060. Is i prime?
False
Let b be (-48)/256 - 820/64. Let x(j) = 30*j**3 + 3*j**2 - 4*j - 1. Let y be x(-5). Let w = b - y. Is w a prime number?
True
Let z(n) = 2*n**3 + 3*n + 2. Suppose 4*a - 5*j - 26 = a, a + 5*j - 2 = 0. Let r be (a - 7) + (-9)/(-3). Is z(r) a prime number?
False
Let s = 13247 - 250. Is s a prime number?
False
Suppose 3*z = 3*u - 677652, -5*z - 477290 = -4*u + 426249. Is u a prime number?
False
Let y(t) = -t**3 + 17*t**2 + 3*t - 15. Let j be y(17). Suppose 11*c = 7*c + j. Suppose -7*m + c*m = 814. Is m composite?
True
Let c be 2/((-8)/(-1506))*220/(-30). Is c*(289/(-255) + (-2)/(-15)) prime?
False
Suppose -2*y = 8, -5*a + 4*y = -51 - 35. Let f(k) = 5*k**3 + 30*k**2 + 3*k - 9. Let q(w) = w**3 + 2*w**2 - w - 1. Let c(z) = f(z) - 6*q(z). Is c(a) prime?
True
Is (464283/(-36))/((-15)/60) composite?
True
Let c(f) = 141*f**3 - 30*f**2 + 90*f + 98. Is c(23) a prime number?
False
Suppose 0 = -17*h + 136*h - 17396729. Is h a prime number?
True
Suppose 2*y = -3*o + 2393, 0 = o + 6*y - y - 789. Let c = o - 390. Suppose 15*h - 14*h - c = 0. Is h composite?
False
Suppose -2*x + 3*k = 8965, -5*x + 11*k - 22425 = 16*k. Let a = -7529 - x. Is ((-4)/(-5))/((-7)/(a/6)) composite?
True
Let k be (6/(-8))/(22/(-8) + 3). Let g be 2 - (1*(-12)/k)/2. Suppose 4*m = m - o + 3127, -5*m + 2*o + 5219 = g. Is m a composite number?
True
Let s(u) = 6177*u**2 - u + 18. Let q be s(4). Suppose -q = -224*y + 213*y. Is y a composite number?
True
Let y(i) = -i**3 - 9*i**2 + 22*i + 2. Let f be y(-11). Suppose -5*a = -18 - f. Suppose -3*r + 2355 = 5*p, 3*p - 263 = -a*r + 1150. Is p a prime number?
False
Suppose -3*v + 5241 - 1201 = -c, -3*c - 1352 = -v. Let n(a) = 229*a. Let g be n(2). Suppose -5*l - v = -3*u - l, u + l = g. Is u a prime number?
False
Suppose 20*d = 23*d - 63. Suppose -d*b + 12366 = -16215. Is b composite?
False
Let g be ((-2)/6)/((-30)/27 - -1). Suppose -g*s = u - 34 - 6, -u + 64 = -3*s. Suppose -11*n = -7*n - u. Is n a prime number?
True
Suppose 56*w + 3*z - 556727 = 52*w, -2*z = 2*w - 278360. Is w a prime number?
True
Let i = 173 + -169. Suppose n + 5467 = 4*j + i*n, 0 = 4*j - 5*n - 5491. Is j composite?
True
Suppose 9 = p + 3*g, 0 = -p - 6*g + 10*g - 12. Suppose -3*l + 3*n + 34098 = 0, -n + p = -3. Is l composite?
False
Let a(g) = -12*g**3 - g**2. Let c be a(1). Let o = c - -13. Suppose o = 3*i - 12, -3*i = -4*u + 153 + 143. Is u a prime number?
False
Let r = 721 + -709. Suppose 0 = 2*z + 2*z - 82872. Is z/r*(-6)/(-9) composite?
False
Suppose -601441784 - 139438776 = -560*j. Is j a composite number?
False
Suppose -9 - 43 = -2*y. Is ((-8)/3)/(-4)*33267/y composite?
False
Let k(w) = 179*w - 114. Let t be 0 + 101/11 - (-2)/(-11). Is k(t) prime?
False
Suppose -4*n + 28 = -2*r, 2*n = 8*r - 6*r + 12. Suppose -34016 - 16296 = -n*d. Is d a composite number?
True
Let q = 52 - 47. Suppose 4*a + 2*m = 14, 2*m = -q*a + 16 + 1. Let s(x) = 4*x**3 - 2*x**2 + 4*x + 7. Is s(a) prime?
True
Let l be 2/(-12) - (-4107)/18. Let h = 345 + l. Is h a composite number?
True
Let l = -1694 + 6876. Let m = 13845 - l. Is m a prime number?
True
Let l(r) = 3 - 7*r - 21*r**3 - 33*r**2 - 31*r**2 + 8 + 65*r**2. Is l(-4) a composite number?
False
Suppose 0 = 16*x - 15*x - 2*c - 832591, 4*x - 2*c = 3330364. Is x a composite number?
False
Let f be ((-4)/6)/((-4)/30). Let j(m) = 271*m - 1037. Let a be j(5). Suppose 0 = f*k - u - 7105 + a, -k + 5*u + 1367 = 0. Is k composite?
True
Let v = -12 + 15. Let l(g) = -2*g**2 + 4*g - 5. Let o be l(v). Is (1004/6)/(o/(-33)) prime?
False
Let u = -177 + 199. Suppose 2*b = h + u, -5*h - 39 + 17 = -2*b. Is b a composite number?
False
Let b be 40/24 + 3/9. Is 232112/(-32)*(-1 - (b + -1)) a prime number?
False
Suppose 0 = 25*l - 7350582 - 2602193. Is l a composite number?
True
Let n(p) = p**3 + 10*p**2 - 19*p + 4. Let r be n(-11). Suppose -94*f = -r*f - 41702. Is f prime?
False
Let f = 4161 - -43178. Is f a composite number?
False
Let p = 301 - -62966. Is p a composite number?
True
Is ((-285179)/(-5) - -2) + 2156/(-2695) composite?
False
Suppose 3*m - 2*k + k - 5 = 0, -3*k = 6. Let x be (-4 + 2)/(m + -2). Suppose -5206 = -3*a - r, -5204 = -a - x*a + r. Is a composite?
True
Suppose 2*j + 1101 = -c - j, c + 5*j = -1091. Let p = c + 3883. Is p prime?
True
Let u(w) = -2*w**3 + 17*w**2 + 36*w - 9. Let r be u(19). Is (6/3)/(-1*6/r) prime?
False
Suppose -8*y - 4 = -4*y, -3*b + 3*y + 21 = 0. Is 13218*-1*(2 + -5)/b a composite number?
True
Let t(i) = 32024*i + 5895. Is t(49) prime?
True
Is (4963/(-49) + -6)*(0 + -2 - 5) a composite number?
False
Let r = -37 + 39. Let w be r - 5/((-5)/3). Suppose -2*y = -k - 3*k + 268, -2*k - w*y = -134. Is k composite?
False
Let a be (-2535)/(-9) + (-1)/(-3). Suppose 5*l + 1741 = -2*h + a, 0 = -5*l + h - 1453. Let k = 556 + l. Is k a prime number?
False
Let p be (4/16)/((-4)/(-80)). Suppose 0 - 10 = -10*s. Is (1*p/s)/((-7)/(-161)) a composite number?
True
Suppose 745241 = y + 3*k, -28*y + 24*y = -4*k - 2980868. Is y composite?
True
Suppose 3209 = 2*c - 1231. Let n = 3755 - c. Is n composite?
True
Let c(w) = -285*w + 7. Let j(g) = -428*g + 10. Let a(r) = 7*c(r) - 5*j(r). Is a(6) composite?
True
Let r(v) be the second derivative of 115*v**4/12 - 5*v**2/2 + 65*v. Is r(-4) a composite number?
True
Let f = -17 - -44. Let b(g) = 2*g**2 + 23*g + 32. Is b(f) composite?
False
Let l(p) = -346*p**3 - 74*p - 643. Is l(-8) prime?
True
Let b(d) = 4440*d - 2231. Is b(33) composite?
False
Let t(d) be the third derivative of d**8/2240 + d**7/2520 + d**6/180 - d**5/4 + d**2. Let a(b) be the third derivative of t(b). Is a(5) composite?
False
Is (-178036168)/430*(-15)/12 composite?
False
Let d be (-2)/1*-1 - (4 - -2). Let x be 5 + d + 8 + -4. Suppose x*q - 3*o - 5495 = 2*o, 3*q + 3*o = 3297. Is q composite?
True
Is ((-2)/(-6) - (-10167410)/66) + -1 a prime number?
False
Let s be (-130)/(-40) + 1/(-4). Let r be 3 + (s/(-6) - 2/4). Is 1471 - (1/r - (-1)/(-2)) composite?
False
Suppose -119*o + 19737104 - 1449549 = 24*o. Is o composite?
True
Let w = 106039 + -74778. Is w composite?
True
Let r = 28 - 30. Let b be (1 + r)*(4 - -7)*-1. Suppose b*k - 24174 = -7*k. Is k composite?
True
Let z = -28 - -22. Let h be (-3 + (-3)/(z/4))*-3. Suppose h*o - 7*o = -3052. Is o composite?
True
Let s = 2714 - 28598. Is (1 - 0)/((-12)/s) a prime number?
False
Suppose 216*j = 243*j - 578313. Is j prime?
True
Let p(q) = -504*q**2 - 9*q. Let c be p(-10). Let m = 1003 - c. Suppose -12 = 7*h - 4*h, -5*g - 3*h = -m. Is g prime?
False
Suppose 34 = -7*m + 69. Suppose -3964 = m*s - 11934. Is s a composite number?
True
Let g(u) be the second derivative of -u**5/20 - u**4/4 - u**3/6 + 3*u**2/2 - 71*u. Is g(-13) a composite number?
True
Suppose -5*j + j = -1500. Suppose 0 = 77*q - 72*q - j. Let z = 104 + q. Is z a prime number?
True
Let x(z) = 9*z**2 - 11*z - 4652. Let p(a) = 4*a**2 - 5*a - 2327. Let g(k) = -7*p(k) + 3*x(k). Is g(0) prime?
True
Let u be ((-2)/(-4)*2)/(5/10). Suppose m = u*x - 1856, 0 = -4*m + 3*m + 4. Suppose 5*j = -3*v + x, -5*j - 2*v + 0*v = -925. Is j prime?
False
Suppose 0 = 4*h - v - 342, 2